{"id":9,"date":"2023-04-12T13:48:13","date_gmt":"2023-04-12T11:48:13","guid":{"rendered":"https:\/\/na-ci.net\/Marie\/?page_id=9"},"modified":"2023-04-12T17:16:22","modified_gmt":"2023-04-12T15:16:22","slug":"accueil","status":"publish","type":"page","link":"https:\/\/na-ci.net\/Marie\/accueil\/","title":{"rendered":"Accueil"},"content":{"rendered":"\n<div class=\"wp-block-columns is-layout-flex wp-container-core-columns-is-layout-9d6595d7 wp-block-columns-is-layout-flex\">\n<div class=\"wp-block-column is-layout-flow wp-block-column-is-layout-flow\" style=\"flex-basis:66.66%\">\n<p>L&rsquo;atelier Ceramixte propose une r\u00e9paration d&rsquo;objets modernes comme anciens avec une technique de restauration raffin\u00e9e et efficace. Et cela pour tout type d&rsquo;objets et de mati\u00e8res : la porcelaine, la fa\u00efence, le gr\u00e8s, la terre cuite, le biscuit, la barbotine, les r\u00e9sines, pl\u00e2tres, marbre (sous r\u00e9serve ), l\u2019ivoire, l\u2019alb\u00e2tre, les cloisonn\u00e9s, les \u00e9maux ou pierres (sous r\u00e9serve). <\/p>\n\n\n\n<p>Un panel de restauration vous est ouvert, vous n&rsquo;avez plus qu&rsquo;a vous laisser guider. <\/p>\n\n\n\n<p>Un suivi des \u00e9tapes de restauration est \u00e9galement possible avec une expertise le jour ou la pi\u00e8ce est pr\u00e9sent\u00e9e.<\/p>\n<\/div>\n\n\n\n<div class=\"wp-block-column is-layout-flow wp-block-column-is-layout-flow\" style=\"flex-basis:33.33%\">\n<figure class=\"wp-block-image size-full\"><img loading=\"lazy\" decoding=\"async\" width=\"600\" height=\"600\" src=\"https:\/\/na-ci.net\/Marie\/wp-content\/uploads\/2023\/04\/fre_il_Calebasse-en-ceramique-ARCILLA-Bleue-6897.png\" alt=\"\" class=\"wp-image-36\" srcset=\"https:\/\/na-ci.net\/Marie\/wp-content\/uploads\/2023\/04\/fre_il_Calebasse-en-ceramique-ARCILLA-Bleue-6897.png 600w, https:\/\/na-ci.net\/Marie\/wp-content\/uploads\/2023\/04\/fre_il_Calebasse-en-ceramique-ARCILLA-Bleue-6897-300x300.png 300w, https:\/\/na-ci.net\/Marie\/wp-content\/uploads\/2023\/04\/fre_il_Calebasse-en-ceramique-ARCILLA-Bleue-6897-150x150.png 150w\" sizes=\"auto, (max-width: 600px) 100vw, 600px\" \/><\/figure>\n<\/div>\n<\/div>\n\n\n\n<div class=\"wp-block-columns is-layout-flex wp-container-core-columns-is-layout-9d6595d7 wp-block-columns-is-layout-flex\">\n<div class=\"wp-block-column is-layout-flow wp-block-column-is-layout-flow\" style=\"flex-basis:33.33%\">\n<figure class=\"wp-block-image size-full is-resized\"><img loading=\"lazy\" decoding=\"async\" src=\"https:\/\/na-ci.net\/Marie\/wp-content\/uploads\/2023\/04\/image-1.png\" alt=\"\" class=\"wp-image-41\" width=\"252\" height=\"252\" srcset=\"https:\/\/na-ci.net\/Marie\/wp-content\/uploads\/2023\/04\/image-1.png 799w, https:\/\/na-ci.net\/Marie\/wp-content\/uploads\/2023\/04\/image-1-300x300.png 300w, https:\/\/na-ci.net\/Marie\/wp-content\/uploads\/2023\/04\/image-1-150x150.png 150w, https:\/\/na-ci.net\/Marie\/wp-content\/uploads\/2023\/04\/image-1-768x768.png 768w\" sizes=\"auto, (max-width: 252px) 100vw, 252px\" \/><\/figure>\n<\/div>\n\n\n\n<div class=\"wp-block-column is-layout-flow wp-block-column-is-layout-flow\" style=\"flex-basis:66.66%\">\n<p><\/p>\n<\/div>\n<\/div>\n","protected":false},"excerpt":{"rendered":"<p>L&rsquo;atelier Ceramixte propose une r\u00e9paration d&rsquo;objets modernes comme anciens avec une technique de restauration raffin\u00e9e et efficace. Et cela pour tout type d&rsquo;objets et de mati\u00e8res : la porcelaine, la fa\u00efence, le gr\u00e8s, la terre cuite, le biscuit, la barbotine, les r\u00e9sines, pl\u00e2tres, marbre (sous r\u00e9serve ), l\u2019ivoire, l\u2019alb\u00e2tre, les cloisonn\u00e9s, les \u00e9maux ou pierres<\/p>\n<p><a href=\"https:\/\/na-ci.net\/Marie\/accueil\/\" class=\"more-link themebutton\">Read More<\/a><\/p>\n","protected":false},"author":1,"featured_media":0,"parent":0,"menu_order":0,"comment_status":"closed","ping_status":"closed","template":"","meta":{"footnotes":""},"class_list":["post-9","page","type-page","status-publish","hentry"],"_links":{"self":[{"href":"https:\/\/na-ci.net\/Marie\/wp-json\/wp\/v2\/pages\/9","targetHints":{"allow":["GET"]}}],"collection":[{"href":"https:\/\/na-ci.net\/Marie\/wp-json\/wp\/v2\/pages"}],"about":[{"href":"https:\/\/na-ci.net\/Marie\/wp-json\/wp\/v2\/types\/page"}],"author":[{"embeddable":true,"href":"https:\/\/na-ci.net\/Marie\/wp-json\/wp\/v2\/users\/1"}],"replies":[{"embeddable":true,"href":"https:\/\/na-ci.net\/Marie\/wp-json\/wp\/v2\/comments?post=9"}],"version-history":[{"count":3,"href":"https:\/\/na-ci.net\/Marie\/wp-json\/wp\/v2\/pages\/9\/revisions"}],"predecessor-version":[{"id":43,"href":"https:\/\/na-ci.net\/Marie\/wp-json\/wp\/v2\/pages\/9\/revisions\/43"}],"wp:attachment":[{"href":"https:\/\/na-ci.net\/Marie\/wp-json\/wp\/v2\/media?parent=9"}],"curies":[{"name":"wp","href":"https:\/\/api.w.org\/{rel}","templated":true}]}}